25 = 5. Let x(s) = -s**2 + 5*s + 4. Determine x(y).
8
Let b(g) = 4*g**3 - 5*g**2 - 6*g - 4. Let k(q) = -5*q**3 + 5*q**2 + 7*q + 4. Let i(t) = 6*b(t) + 5*k(t). What is i(-5)?
1
Let b(p) be the first derivative of p**6/360 + p**5/60 + p**4/12 + 2*p**3/3 + 1. Let x(q) be the third derivative of b(q). Determine x(-4).
10
Let b(a) = 4*a**3 + 9*a + 2. Let u(s) = 2*s**3 + 4*s + 1. Let m(h) = 2*b(h) - 5*u(h). Calculate m(-1).
3
Suppose -19 - 11 = 5*n + 4*t, -3 = -n + t. Let d = 2 + n. Let y(g) = 0*g + 0*g + g**2 + 4 - g. What is y(d)?
4
Let k be (3/2)/(243/72 - 3). Let y(p) be the first derivative of -p**3/3 + 2*p**2 - 5*p - 2. What is y(k)?
-5
Let i(q) be the third derivative of -q**6/120 - q**5/20 + q**4/8 + q**3/6 - 27*q**2 + 2. Calculate i(-4).
5
Let d(x) = x**3 + 5*x**2 - 7*x + 2. Suppose 0 = -4*r - 24. Calculate d(r).
8
Let b be -1 - (8/(-2) - (5 - 7)). Let p(m) = -35*m**3 - 8*m**2 + 11. Let n(i) = -12*i**3 - 3*i**2 + 4. Let l(y) = 8*n(y) - 3*p(y). Calculate l(b).
8
Let x(i) be the second derivative of -4*i - 1/3*i**4 + 0 - 1/720*i**6 - 1/120*i**5 + 0*i**2 + 0*i**3. Let u(f) be the third derivative of x(f). What is u(-1)?
0
Let o(y) = -9*y**3 + 8*y**2 - 11*y - 11. Let j(l) = 6*l**3 - 5*l**2 + 7*l + 7. Let i = 15 - 10. Let d(p) = i*o(p) + 8*j(p). What is d(-1)?
-3
Let i(v) = -v + 1. Let l be i(1). Let r(x) be the first derivative of -2 - 1/4*x**4 - 4*x + l*x**2 + 5/3*x**3. What is r(5)?
-4
Suppose 8*d = -2 + 18. Suppose 8*z - 3*z - 10 = 0, 2*v + 2*z = 14. Let n(o) = -v*o**d + 12*o**2 + 3 - 4. What is n(1)?
6
Let o(a) be the second derivative of a**3/6 + a**2 + 14*a. Give o(-4).
-2
Let f = 5 + -11. Let z(p) = -p + 1. Let k(t) = -4*t + 12. Let r(u) = -k(u) + 5*z(u). Let h(i) = 2*i + 15. Let j(a) = 2*h(a) + 5*r(a). What is j(f)?
1
Suppose -2 = 2*h - 12. Let p(u) be the third derivative of -u**4/24 + 7*u**3/6 + u**2. Determine p(h).
2
Let b = 16 - 11. Let z(w) = -b*w**3 + w**3 + 3*w**3. Let c(a) = -3*a**2 - 4. Let r(s) = -c(s) + z(s). Give r(3).
4
Let t(g) be the first derivative of g**3/3 - 2*g**2 - 5*g - 1. Determine t(5).
0
Let u be 4/(-8) - (-1)/2. Let k(o) be the second derivative of 0 - 1/6*o**3 - 3*o + 0*o**2. What is k(u)?
0
Suppose 3*x + 9 - 3 = 0. Let q(w) = 2*w**2 - 2 + 6 + 0 - 6. What is q(x)?
6
Let x(z) = -4*z + 1. Suppose 4*p = 6*p - 4. Suppose 0 = -3*j - 3*l + 3, -3*j - 7*l = -p*l - 9. Calculate x(j).
9
Let v(s) = -4 - s**2 + s + 5 + 7. Calculate v(0).
8
Let x(g) be the second derivative of g**4/12 - g**3 - 3*g**2 - 7*g. Give x(7).
1
Let p(r) = -7*r**2 + r + 1. Let j(q) = 13*q**2 - 2*q - 3. Let n(h) = 2*j(h) + 5*p(h). Determine n(1).
-9
Suppose 0*b = -b - 3*i - 18, -b + 17 = -4*i. Let a(s) = 9*s**3 + 2*s**2 + 3*s - 13. Let h(t) = 4*t**3 + t**2 + t - 6. Let z(w) = b*a(w) + 7*h(w). Give z(-2).
-3
Let z(i) = i**3 - i**2 + i + 2. Let d be z(0). Let m(h) be the first derivative of h**2 + 78. Give m(d).
4
Suppose 6*p + 5 = 7*p. Suppose 4*w - 4 = p*w. Let n(x) = 4*x - 2 - 4*x**2 - x**3 - 2*x - x. Determine n(w).
-6
Let c be 3 + -3 - 2/(-1). Let j(b) = 5 + 0 + 3*b - 4 - c*b**2 + 3*b**2. Calculate j(-5).
11
Let m(b) = -3*b**2 - 12*b - 3. Let r(d) = d**2 + d + 1. Let o(c) = -m(c) - 4*r(c). Give o(7).
6
Let g(u) be the first derivative of -3*u - 3 + 1/3*u**3 - u**2. Give g(3).
0
Suppose 0 = 2*m + 1 + 5. Let c(y) = -4*y - 7*y**2 + 3*y**2 - 3 - 1 + 2*y**2. What is c(m)?
-10
Let u = -10 + 19. Let i(k) = 8 - k**2 - u - 2*k + 4*k**3 + 3*k**3. What is i(-1)?
-7
Suppose 4*b - u = 1 + 2, 0 = 4*u - 4. Suppose 3*s - 6 - 3 = 0. Let t(q) = -3*q + 8*q + 1 + s*q. Give t(b).
9
Suppose -f - 1 - 4 = 0. Let o = f + 5. Let p(z) = 1 + 5 - 1 + z - 3. Calculate p(o).
2
Let g(i) = -i - 1. Suppose 0 = -8*c + 2*c - 42. Give g(c).
6
Suppose -2*a + 24 = 2*p - 7*p, -5*a - 2*p + 31 = 0. Let s(v) = -v - 1. Determine s(a).
-8
Let z(x) = x - 3. Let d(u) = -u + 2. Let h(l) = -3*d(l) - 2*z(l). Calculate h(3).
3
Let i(j) = -2*j + 1. Let g = -7 + 4. Let q = -1 + g. Let k = 3 + q. What is i(k)?
3
Let r(p) = -2*p + 5. Let v(j) be the second derivative of j**5/20 + 5*j**4/12 + j**3/2 - 2*j**2 + j. Let l be v(-3). Give r(l).
-5
Let g = -18 + 13. Let m(c) = -c**2 - 4*c - 1. What is m(g)?
-6
Let z(i) = -i - 7. Let r = 19 - 27. What is z(r)?
1
Let s(z) be the first derivative of z**6/72 - z**5/120 + z**3/3 - 5. Let c(y) be the third derivative of s(y). Determine c(1).
4
Let m be (-2)/(-2) - (-6 + 10). Let x(w) = -3*w - 4. Let s(v) = -2*v - 2. Let i(g) = 5*s(g) - 3*x(g). Give i(m).
5
Let s(j) = -j - 4. Let r(k) = -k - 1. Let u(q) = 5*r(q) - s(q). Give u(-1).
3
Let m = 14 + -8. Suppose 2*g = w - m, 5*w + 22 = -7*g + 4*g. Let q(v) = 4*v + 3. Calculate q(w).
-5
Let a(o) = -o**2 + 3*o - 3 - o**2 + 3*o**2. Give a(-4).
1
Let j = 6 - 3. Suppose 8 + 4 = 4*c + 2*s, 0 = j*c - 3*s - 9. Suppose 4*n + 2 + 5 = -3*l, 11 = -c*l - 5*n. Let o(m) = -m**2 + 3*m - 4. Determine o(l).
-4
Let q(t) = t**2 - 2*t - 4. Let d = -18 + 7. Suppose -3*i + 4*u = 53, -5*u = -5*i - 29 - 56. Let f = d - i. What is q(f)?
4
Suppose 4*x + 2*k = 21 + 1, 3*k = 3. Let u(b) = x*b**2 - b**3 + 1 - 13*b**2 + 4*b**2 + 6*b. What is u(-5)?
-4
Let q(k) = -k**3 - 3*k**2 + 2*k - 2. Let y be 35/(-10) - 1/2. Determine q(y).
6
Let p(j) = j**2 - 7*j + 2. Let m = -2 + 2. Suppose -4*l + m*l + 32 = 0. Let o = -2 + l. Calculate p(o).
-4
Let p(j) = -j**2 + 2*j. Let w = -2 + 6. Give p(w).
-8
Suppose -5*w = -2*k - 0 - 8, 4*w = -2*k + 10. Let r(p) = -3*p**2 + w - 4*p - 2*p**2 - 2 - p**3. Determine r(-3).
-6
Let o(j) be the first derivative of j**2/2 - 4*j + 26. Calculate o(7).
3
Let o(y) = 2*y**2 + 2. Let v be 4*(-3)/(-3 + -3). Suppose 2*z - 2 = v. Determine o(z).
10
Let m(x) = -2*x - 1. Let k(y) = -2*y. Let w(j) = 5*k(j) - 6*m(j). Determine w(-4).
-2
Let o(a) = -2*a + 4. Suppose -80 = 3*c - 8*c. Suppose -7*g + c = -3*g. Determine o(g).
-4
Suppose 6*j = j. Let y(s) = -s**2 - s + 6. What is y(j)?
6
Suppose o + 5 = 1. Let j(w) = w**3 + 4*w**2 + 2*w + 3. What is j(o)?
-5
Let o(p) = 5*p**2 + 30*p + 31. Let k(d) = -d**2 - 6*d - 6. Let c(h) = 11*k(h) + 2*o(h). Let u(w) be the first derivative of c(w). What is u(-5)?
4
Suppose -5*l - 7 = 2*v, 6*v - 2*v + 4 = 0. Let p(x) = -90*x + 1 - 2 + 90*x - 12*x**2. Give p(l).
-13
Let s(b) be the first derivative of -2*b**3/3 + 13. Give s(1).
-2
Let c be -6*(6/4 - 2). Let x(v) = 4 + 14*v - 7*v - c. Give x(-1).
-6
Let p = -6 - -14. Suppose 3*o + p + 32 = -5*x, 2*x + 5*o = -35. Let w(m) = m**3 + 5*m**2 - 3*m - 5. Give w(x).
10
Let p(d) = 13*d + 4*d + 8*d**2 - 17*d - 1. What is p(1)?
7
Let y(n) = -n - 1. Let h be y(-1). Let l(t) = t + 1. Let u be l(-1). Let z be u + h - (-5 - -1). Let j(q) = q**2 - 3*q - 4. What is j(z)?
0
Suppose 6*x + 35 = x. Let c(l) = l**3 + 6*l**2 - 7*l - 3. Calculate c(x).
-3
Let b(s) = -7*s - 1. Let i be (-9)/15 + 6/(-15). Calculate b(i).
6
Let m(z) = 18*z. Let v(u) be the first derivative of 7*u**2/2 - 1. Let a(x) = -5*m(x) + 12*v(x). Determine a(1).
-6
Let p(q) = 2*q - 3. Let y be p(3). Let i(x) be the second derivative of x**4/12 - 5*x**3/6 + 3*x**2/2 - 15*x - 1. What is i(y)?
-3
Let z(q) = -q**2 - q - 1. Let d be -2 + (2 - 2) - -2. Let n(k) = -2*k - 8. Let v be n(-6). Suppose 0*f + v*f + 12 = d. What is z(f)?
-7
Let i(z) = 1 + 11*z**2 - 4*z + 4 - z**3 - 6*z**2. Give i(4).
5
Let b(r) = -3*r**2 + r + 1. Let q(o) = -o**3 - 4*o**2 - o - 5. Let p = -4 - 0. Let m be q(p). Determine b(m).
-3
Let k(z) be the third derivative of -z**4/8 - z**3/6 - 13*z**2. Give k(-2).
5
Let h be 4/6*(3 - (6 - 15)). Let l(v) = -2*v + 8. Determine l(h).
-8
Let t be 0 - (-1 + -1*4). Let s(g) = -t*g + 2 + 6 - 4 + 2*g**2. Suppose -8 = -2*m + a + 3, -3*a = 4*m + 3. Give s(m).
7
Let g(n) = -5*n**3 + n**3 - 6 - n + 5*n**3. Let i be (-4 - (-4 + 1))*-3. Let v = -3 + i. Calculate g(v).
-6
Let v(k) = -k**2 + 2*k + 5. Suppose 2*d - 5*a + 16 = 6*d, 12 = -3*a. Let g = d + -4. Suppose -c = -0*n + g*n - 25, 5*c = 5*n - 25. Give v(n).
-10
Suppose -3*f - 15 = 15. Let a = f - -7. Let i = -6 - a. Let c(d) = d**3 + 3*d**2 - 4*d - 3. Determine c(i).
9
Let f(j) = -14 - 17 - j + 0*j + 24. Determine f(0).
-7
Let r(y) = y**2 + 3*y - 4. Let x be r(-3). Suppose 1 = -s + 4. Let i(t) = -t - s + 0*t - 3 - 1. What is i(x)?
-3
Let v(g) = 5*g + 3. Let w(o) = -o - 11 + 1 - 5. Let l be w(-13). Give v(l).
-7
Let c = -7 + 11. Suppose 0 = -5*n - 0*i - i - c,